 32 a factor of 9056?
True
Does 75 divide 953?
False
Does 23 divide 1955?
True
Is 196 a factor of 15288?
True
Does 35 divide 5312?
False
Is 42 a factor of 33554?
False
Is 8760 a multiple of 12?
True
Is 41 a factor of 67925?
False
Is 49 a factor of 17836?
True
Does 48 divide 432?
True
Is 1040 a multiple of 104?
True
Does 5 divide 8975?
True
Is 49 a factor of 1352?
False
Is 1881 a multiple of 19?
True
Is 28180 a multiple of 59?
False
Is 12 a factor of 13632?
True
Does 19 divide 9198?
False
Is 11102 a multiple of 14?
True
Is 9 a factor of 3348?
True
Is 4235 a multiple of 163?
False
Does 241 divide 5980?
False
Is 5434 a multiple of 38?
True
Is 218 a multiple of 2?
True
Does 136 divide 2040?
True
Is 886 a multiple of 55?
False
Does 10 divide 124?
False
Is 900 a multiple of 30?
True
Is 4259 a multiple of 28?
False
Is 37455 a multiple of 55?
True
Is 7995 a multiple of 39?
True
Is 8 a factor of 2224?
True
Is 590 a multiple of 21?
False
Does 11 divide 418?
True
Is 2752 a multiple of 35?
False
Is 79442 a multiple of 506?
True
Is 5861 a multiple of 67?
False
Is 494 a multiple of 2?
True
Is 1340 a multiple of 20?
True
Does 10 divide 700?
True
Is 12 a factor of 23164?
False
Does 44 divide 952?
False
Is 8 a factor of 4072?
True
Is 18 a factor of 379?
False
Does 53 divide 72675?
False
Is 18000 a multiple of 120?
True
Is 31 a factor of 2945?
True
Does 9 divide 2038?
False
Does 93 divide 3949?
False
Is 10 a factor of 48699?
False
Does 133 divide 133399?
True
Is 5 a multiple of 5?
True
Does 64 divide 12465?
False
Does 227 divide 12258?
True
Does 34 divide 3513?
False
Does 15 divide 26475?
True
Does 9 divide 46987?
False
Is 1224 a multiple of 18?
True
Is 31635 a multiple of 199?
False
Is 422 a multiple of 45?
False
Is 22958 a multiple of 22?
False
Is 6 a factor of 1338?
True
Is 34980 a multiple of 30?
True
Is 326 a multiple of 20?
False
Is 143 a factor of 33605?
True
Is 7 a factor of 29918?
True
Is 117 a factor of 4629?
False
Is 11 a multiple of 4?
False
Does 12 divide 6492?
True
Is 58 a factor of 5974?
True
Is 193 a multiple of 6?
False
Is 36 a factor of 4301?
False
Is 115 a multiple of 7?
False
Does 16 divide 1296?
True
Is 932 a multiple of 39?
False
Is 61 a factor of 1303?
False
Does 45 divide 4145?
False
Is 476 a multiple of 34?
True
Is 36580 a multiple of 261?
False
Is 2 a factor of 60?
True
Does 3 divide 789?
True
Does 21 divide 1031?
False
Does 40 divide 4120?
True
Is 21 a factor of 3360?
True
Is 16 a factor of 3392?
True
Does 16 divide 1168?
True
Is 25194 a multiple of 23?
False
Is 13 a factor of 2228?
False
Is 20220 a multiple of 4?
True
Is 2 a factor of 64?
True
Does 44 divide 88?
True
Is 26 a factor of 4736?
False
Does 66 divide 264?
True
Is 444 a multiple of 12?
True
Is 306 a multiple of 9?
True
Does 25 divide 6408?
False
Is 43 a factor of 258?
True
Does 10 divide 14910?
True
Is 11 a factor of 2915?
True
Is 63 a factor of 2457?
True
Is 20 a factor of 5638?
False
Does 108 divide 9301?
False
Is 11516 a multiple of 181?
False
Is 66 a factor of 10769?
False
Is 58 a factor of 20176?
False
Is 8281 a multiple of 6?
False
Is 14 a factor of 78?
False
Is 4875 a multiple of 45?
False
Does 42 divide 2730?
True
Does 138 divide 652?
False
Is 625 a multiple of 25?
True
Is 1573 a multiple of 143?
True
Is 12768 a multiple of 21?
True
Is 7560 a multiple of 24?
True
Is 57294 a multiple of 9?
True
Is 11479 a multiple of 22?
False
Is 772 a multiple of 386?
True
Does 43 divide 207?
False
Does 32 divide 4543?
False
Is 28710 a multiple of 18?
True
Is 67733 a multiple of 29?
False
Does 6 divide 454?
False
Is 2736 a multiple of 57?
True
Does 78 divide 14094?
False
Does 35 divide 1015?
True
Is 476 a multiple of 4?
True
Is 9571 a multiple of 17?
True
Is 1920 a multiple of 16?
True
Is 73 a multiple of 6?
False
Does 299 divide 32627?
False
Is 23 a factor of 1150?
True
Is 40 a factor of 676?
False
Is 2352 a multiple of 3?
True
Is 1773 a multiple of 80?
False
Is 14 a factor of 378?
True
Is 1499 a multiple of 130?
False
Does 18 divide 83890?
False
Does 12 divide 96?
True
Is 33 a factor of 99?
True
Does 60 divide 480?
True
Is 16 a factor of 5000?
False
Is 518 a multiple of 37?
True
Is 4602 a multiple of 8?
False
Is 25 a factor of 1525?
True
Does 65 divide 3661?
False
Is 109352 a multiple of 12?
False
Is 214 a multiple of 20?
False
Is 4 a factor of 12308?
True
Is 1350 a multiple of 15?
True
Is 93 a factor of 1062?
False
Is 19 a factor of 1464?
False
Is 5429 a multiple of 5?
False
Is 7 a factor of 2236?
False
Is 14074 a multiple of 86?
False
Is 118172 a multiple of 350?
False
Is 130 a multiple of 26?
True
Is 17 a factor of 38318?
True
Is 1749 a multiple of 4?
False
Is 36 a factor of 303?
False
Does 7 divide 68?
False
Is 2117 a multiple of 79?
False
Is 94 a factor of 865?
False
Is 8 a factor of 5697?
False
Is 100036 a multiple of 160?
False
Does 22 divide 440?
True
Does 25 divide 250?
True
Is 7 a multiple of 2?
False
Is 3 a factor of 1416?
True
Is 2681 a multiple of 34?
False
Is 99 even?
False
Is 84 a factor of 693?
False
Is 3 a factor of 213?
True
Is 10836 a multiple of 126?
True
Is 23 a factor of 1288?
True
Is 370 a multiple of 10?
True
Is 1332 a multiple of 111?
True
Does 35 divide 41440?
True
Is 15762 a multiple of 28?
False
Is 17208 a multiple of 18?
True
Is 12 a factor of 2567?
False
Is 61 a factor of 1561?
False
Is 117 a factor of 9243?
True
Is 83 a factor of 45899?
True
Is 13659 a multiple of 13?
False
Is 13584 a multiple of 6?
True
Is 13 a factor of 841?
False
Is 13503 a multiple of 29?
False
Does 51 divide 4386?
True
Is 3 a factor of 192?
True
Is 8 a factor of 2502?
False
Is 744 a multiple of 6?
True
Is 2420 a multiple of 53?
False
Is 33 a factor of 1089?
True
Does 25 divide 702?
False
Does 5 divide 7898?
False
Is 300 a multiple of 25?
True
Is 166585 a multiple of 24?
False
Is 11 a factor of 1125?
False
Does 71 divide 4757?
True
Is 4680 a multiple of 4?
True
Is 1387 a multiple of 19?
True
Is 46872 a multiple of 93?
True
Does 43 divide 18996?
False
Is 135 a factor of 10665?
True
Does 67 divide 469?
True
Is 54 a factor of 26190?
True
Is 209 a multiple of 2?
False
Is 412 a multiple of 21?
False
Is 9857 a multiple of 108?
False
Is 3828 a multiple of 30?
False
Does 34 divide 29954?
True
Is 35674 a multiple of 12?
False
Does 31 divide 2547?
False
Is 13 a factor of 87698?
True
Is 66 a factor of 9518?
False
Is 66 a factor of 443?
False
Is 2257 a multiple of 37?
True
Is 16 a factor of 515?
False
Does 22 divide 242?
True
Is 6 a factor of 3866?
False
Is 122 a factor of 4636?
True
Is 309 a multiple of 5?
False
Is 128 a factor of 17280?
True
Is 27 a factor of 432?
True
Is 2 a factor of 17?
False
Is 39 a factor of 3982?
False
Is 55 a factor of 3410?
True
Is 1062 a multiple of 23?
False
Is 9 a factor of 43093?
False
Is 12 a factor of 39520?
False
Does 2 divide 5711?
False
Does 40 divide 154?
False
Is 39 a factor of 897?
True
Does 37 divide 814?
True
Is 22968 a multiple of 232?
True
Is 834 a multiple of 51?
False
Does 11 divide 341?
True
Does 12 divide 2628?
True
Is 11151 a multiple of 21?
True
Does 22 divide 59?
False
Is 2168 a multiple of 8?
True
Is 130 a factor of 1300?
True
Does 7 divide 2002?
True
Is 92 a factor of 3055?
False
Does 29 divide 3509?
True
Is 100352 a multiple of 256?
True
Is 100 a factor of 8400?
True
Does 16 divide 5804?
False
Is 6199 a multiple of 115?
False
Does 12 divide 816?
True
Is 7 a factor of 241?
False
Is 13 a factor of 42081?
True
Is 9 a factor of 936?
True
Is 28 a factor of 2542?
False
Is 6 a factor of 3684?
True
Is 18 a factor of 3418?
False
Does 6 divide 210?
True
Is 48006 a multiple of 14?
True
Is 7 a factor of 14287?
True
Is 16 a factor of 368?
True
Does 87 divide 8235?
False
Is 44 a factor of 13707?
False
Does 15 divide 43895?
False
Does 129 divide 14586?
False
Does 4 divide 2656?
True
Is 17246 a multiple of 33?
False
Does 4 divide 2811?
False
Is 23 a factor of 253?
True
Is 7424 a multiple of 64?
True
Is 114 a factor of 164?
False
Does 21 divide 96024?
False
Is 14 a factor of 196?
True
Does 7 divide 140?
True
Does 3 divide 822?
True
Is 71 a factor of 2192?
False
Does 13 divide 2546?
False
Does 40 divide 1272?
False
Is 126 a multiple of 63?
True
Is 2018 a multiple of 7?
False
Is 33 a factor of 66?
True
Does 8 divide 736?
True
Does 16 divide 2854?
False
